 by 16?
14
Suppose o = -4*o + 80. Calculate the remainder when o is divided by 9.
7
Let g = -168 + 298. Suppose 0 = 8*t - 3*t - g. What is the remainder when 50 is divided by t?
24
Let l be 33 - -6 - (-1)/(-1). Suppose -p + o + 14 = -4*o, -4*p + 2*o = -l. Calculate the remainder when 16 is divided by p.
7
What is the remainder when -10 - (-3 - 2) - -41 is divided by 10?
6
Suppose 0 = 2*u + 5*q + 35 - 146, 4*u - 180 = 4*q. What is the remainder when u is divided by 17?
14
Suppose -5*y = -62 - 28. Let d(r) = r**2 + 53. What is the remainder when d(0) is divided by y?
17
Suppose 2*b = 3*b - 4. What is the remainder when 22 is divided by b?
2
Suppose -37 = -4*k + 51. What is the remainder when k is divided by 6?
4
Let b be (-2)/(-4)*2*5. Suppose -2*l + 14 = 3*v - 0*v, b*v - 14 = -l. What is the remainder when 16/(-6)*(-6)/4 is divided by v?
0
Suppose -7*f + 3*f = -12. Suppose 4*z + 4*u + 0 = -4, 3*z - f*u + 33 = 0. Calculate the remainder when 10 is divided by 7/2 - 3/z.
2
Let q(v) = -v**2 + 9*v - 5. Let g be q(8). Suppose -53 = -g*x + 28. What is the remainder when x is divided by 14?
13
Let d(k) = k**3 - 8*k**2 + 6*k + 4. Let z be d(7). Let c = 9 + z. Suppose -5*o - 3*v = 23 - 114, 0 = o - 3*v - 11. What is the remainder when o is divided by c?
5
Let m = -7 - -15. Calculate the remainder when 18*((-20)/12)/(-1) is divided by m.
6
Let f = -7 + 19. Calculate the remainder when 30 is divided by f.
6
Let z(d) = 10*d**3 - 2*d**2 + 5*d + 6. Let k(r) = -9*r**3 + 2*r**2 - 6*r - 7. Let g(f) = 5*k(f) + 6*z(f). What is the remainder when 40 is divided by g(1)?
12
Let n(k) = 10*k**2 + k + 17. Let v(t) = 5*t**2 + 9. Let l(w) = 4*n(w) - 7*v(w). Calculate the remainder when l(-4) is divided by 18.
15
Suppose 7*f = 3*f. Suppose -2*k + 5*l + 2 = 13, k - l + 7 = f. Let n = k + 17. Calculate the remainder when 25 is divided by n.
7
Suppose -5*i - 10 = -5*f, -37 = -3*f - 2*f - 4*i. Let b(r) = -r**2 + 8. Calculate the remainder when b(0) is divided by f.
3
Suppose -g + 3*g + 76 = 2*l, 2*g - 162 = -5*l. What is the remainder when l is divided by 7?
6
Let z(c) = -c**3 - 3*c**2 + 5*c + 3. Suppose 4*b + 0*b = 20. Let i = -10 + b. Calculate the remainder when z(i) is divided by 10.
8
Suppose 4*o + 2 = -a + 9, -a + 5*o = -7. Let m(q) = 6*q + 2*q**2 - 3*q**2 + 6 - q**3 - 5*q**2. What is the remainder when m(-7) is divided by a?
6
Let u be 11/2 + 6/(-4). Suppose -l + 16 = 2*c, -u*l + 2*c = -2*l - 14. Suppose 0 = -0*h + 5*h - l. What is the remainder when 5 is divided by h?
1
Suppose -d = 2*f - 3, d + 4*f = -2*d + 17. Calculate the remainder when 41 is divided by d.
8
Suppose 12*r - 24 = 9*r. What is the remainder when 14 is divided by r?
6
Let t = 6 - 4. Let w be ((-1)/(-2))/((-4)/(-32)). Suppose w*n = f + 7, -2*n + 3*n + 2*f + 5 = 0. Calculate the remainder when t is divided by n.
0
What is the remainder when 18 is divided by 56/8 + 2 + -2?
4
Let a be 398/9 - (-4)/(-18). Let m = -77 - -80. Suppose 28 = m*b - a. What is the remainder when 70 is divided by b?
22
Suppose 34 = 3*c + 5*g, -6*c + 2*g = -4*c - 28. What is the remainder when c is divided by 5?
3
Let g = -1 + 3. Suppose -2*b - g = 2. Calculate the remainder when 40 is divided by (-84)/(-4) - 0/b.
19
Let b be 6/(-9) + 11/3. Suppose 0*h - 2*h - 3 = 3*l, -3 = 3*l + b*h. What is the remainder when l/((-1)/9 - 0) is divided by 5?
4
Let w be 610/9 + 8/36. Suppose -4*u - 5*h + w + 23 = 0, h - 41 = -2*u. Let v(p) = p**2 - 3*p - 3. Calculate the remainder when v(8) is divided by u.
18
Calculate the remainder when 81 is divided by (6/2 + -24)/(-1).
18
Let h(n) = -2*n - 3. Let x be h(-3). Let u = x + -2. What is the remainder when (u/2)/((-2)/(-68)) is divided by 9?
8
Let j = 83 - 74. What is the remainder when j is divided by 9?
0
Suppose 4*t + 0*t + 16 = 0. Calculate the remainder when 94/4 - 2/4 is divided by (-5 - -2)/(1/t).
11
Suppose 0 = 2*g - 47 - 21. Let n = 15 + g. What is the remainder when n is divided by 17?
15
Let b(f) = 3*f**2 - 4*f + 8. What is the remainder when b(5) is divided by 16?
15
Let i = -1 - -17. What is the remainder when 60 is divided by i?
12
Let t = 77 - 69. What is the remainder when 14 is divided by t?
6
Let z(t) be the second derivative of -2*t**2 + 1/6*t**4 - 2*t + 5/6*t**3 + 0. Calculate the remainder when 62 is divided by z(-5).
20
Let y be (-2 - 2)/(-12)*0. Suppose -5*j + 3*j + 156 = y. Calculate the remainder when j is divided by 20.
18
Suppose -n - n = -4. Suppose -n*l = 3*l + 15. Let d(y) = y**2 + 3*y + 1. Calculate the remainder when d(l) is divided by 1.
0
Let n = 7 + -5. Suppose -18 = -5*w + n*t, -w + 5*t = -16 - 6. Calculate the remainder when 3 is divided by w.
1
Suppose 1 = -4*z + 5. Calculate the remainder when 18 is divided by (11 - 3)*z + -1.
4
Let q(r) = 2*r - 1. Let c = 0 - -8. What is the remainder when q(c) is divided by 8?
7
Let l = -138 + 141. Calculate the remainder when l is divided by 3.
0
Let m = -4 - -10. What is the remainder when (m/4)/(18/96) is divided by 5?
3
Let o(t) = 6*t + 4. Let w be 2/(-2) - -1*1. Suppose w*x = -4*x + 184. What is the remainder when x is divided by o(2)?
14
Let t be 96/16 + (-1 - -3). Calculate the remainder when 12 is divided by (-12)/t - (-57)/6.
4
Suppose 0 = -2*l + l - 2. Let w(r) = r**2 + 4*r + 4. Calculate the remainder when ((-11)/l)/(4/8) is divided by w(-4).
3
Suppose -3*a = -72 + 6. Let k = 54 - a. What is the remainder when k is divided by 17?
15
Let f(z) = -10 - 4 + 15 + 18*z. What is the remainder when 93 is divided by f(1)?
17
Suppose -15 = -6*d + 75. What is the remainder when d is divided by 6?
3
Suppose 46*h = 42*h + 40. What is the remainder when 29 is divided by h?
9
Let p = 32 + -21. Suppose 4*v - 31 = 93. Calculate the remainder when v is divided by p.
9
Suppose 5*b = 3*a, 5*a - 2*b + b = 0. Let x(h) = h**2 + 5. Let d(m) = m**3 - 5*m**2 - 6*m + 8. What is the remainder when d(6) is divided by x(a)?
3
Let z = -9 + 19. What is the remainder when (0 + 9)/(-3) - -22 is divided by z?
9
Let b = 10 + -5. Let l = 34 - 31. Calculate the remainder when b is divided by l.
2
Suppose -9*b = -3*b - 174. What is the remainder when b is divided by 16?
13
Let t(a) = a**2 - 6*a - 9. Let j be t(7). Let z be 5/2 - j/(-4). Suppose i - 36 = -z*i. Calculate the remainder when 23 is divided by i.
11
Let x(z) = -2*z**2 - 24*z. Calculate the remainder when 82 is divided by x(-11).
16
Suppose -31 = -n - 8. Let p(j) = j**2 + 4*j - 3. Let m be p(-5). Suppose -n - 7 = -m*s. What is the remainder when 29 is divided by s?
14
Suppose -3*q - 3*d + 177 = 0, -5*q - 29 = -6*q + 5*d. Let v(s) = -s**2 + 7*s + 14. What is the remainder when q is divided by v(7)?
12
Suppose 0*h - 9 = -3*h. Suppose 3*g = -3 - h. Calculate the remainder when (8/(-6))/(g/33) is divided by 12.
10
Let k = 13 + -3. Calculate the remainder when 6/(-8) + 465/12 is divided by k.
8
Let o = 3 - 3. Let m(i) = i. Let n be m(o). Suppose 2*d - 4*p - p - 64 = n, -3*p = 0. Calculate the remainder when d is divided by 11.
10
Let w(t) be the first derivative of -2*t**2 + 2*t + 6. What is the remainder when 16 is divided by w(-1)?
4
Let c = 17 - 8. Calculate the remainder when c is divided by (2*2/2)/(12/18).
0
Let z(y) = 38*y**2 + 3*y + 2. Calculate the remainder when z(-2) is divided by 19.
15
Let p be 4/6 + 48/9. Suppose -2*k = -2*z - 4, -z - k = -p*k + 18. What is the remainder when z is divided by (-3)/(-3) + 1 + -1?
0
Let s = 3 + 11. Suppose 3*u + 4*n - 32 = 0, -5*u - n = -33 + 8. Calculate the remainder when s is divided by ((-10)/u)/((-4)/8).
4
Suppose -5*v + 4*w + 175 = 8*w, -140 = -4*v - w. Suppose -4*a + v = -u, -4*u + 9 = 3*a + u. What is the remainder when 31 is divided by a?
7
Let c(b) = 3*b**2 + 5*b + 7. Calculate the remainder when 22 is divided by c(-2).
4
Let t = -3 + 3. Suppose -4*b + 0 + 60 = t. Calculate the remainder when 29 is divided by b.
14
Let n be 2/(-8) - 26/(-8). Let x(v) = -v + 7. Let q be x(n). Calculate the remainder when (-10 + q)/(6/(-8)) is divided by 3.
2
Let v be 16/2 - (-6)/(-2). Suppose -v*m = -0*m + 105. Calculate the remainder when 40 is divided by 1*2*m/(-3).
12
Let m(f) = f**2 - 6*f. Let u be m(6). Let y(c) = c**3 + 2 + c**2 + u*c**3 - 6*c**2 + 2*c. Calculate the remainder when 23 is divided by y(5).
11
Let p(i) = 7*i - 8. Calculate the remainder wh